f 10528?
True
Does 14 divide 4032?
True
Is 87 a factor of 4263?
True
Is 417 a multiple of 5?
False
Is 42 a factor of 33642?
True
Is 4 a factor of 1904?
True
Is 114 a factor of 45551?
False
Is 1351 a multiple of 45?
False
Is 651 a multiple of 31?
True
Does 42 divide 84?
True
Does 17 divide 170?
True
Is 47 a factor of 987?
True
Is 21 a factor of 10647?
True
Is 345 a multiple of 23?
True
Is 65 a factor of 34580?
True
Is 17 a factor of 399?
False
Does 358 divide 35800?
True
Is 1692 a multiple of 47?
True
Is 1530 a multiple of 15?
True
Is 10522 a multiple of 10?
False
Is 813 a multiple of 39?
False
Is 14 a factor of 254?
False
Does 110 divide 3997?
False
Does 25 divide 883?
False
Is 8877 a multiple of 33?
True
Is 468 a multiple of 11?
False
Does 3 divide 186?
True
Is 29975 a multiple of 8?
False
Is 240 a multiple of 3?
True
Is 37 a factor of 761?
False
Is 72 a factor of 288?
True
Is 14 a factor of 79282?
True
Is 4117 a multiple of 23?
True
Does 110 divide 3740?
True
Is 307 a multiple of 3?
False
Does 7 divide 182?
True
Is 241 a factor of 9684?
False
Does 69 divide 1669?
False
Is 137 a factor of 3904?
False
Is 6 a factor of 522?
True
Is 1136 a multiple of 142?
True
Is 107426 a multiple of 257?
True
Is 9075 a multiple of 99?
False
Is 280 a multiple of 20?
True
Is 5891 a multiple of 137?
True
Does 35 divide 2419?
False
Is 9962 a multiple of 17?
True
Does 12 divide 240?
True
Is 748 a multiple of 21?
False
Is 2512 a multiple of 58?
False
Does 59 divide 1778?
False
Does 111 divide 10212?
True
Does 2 divide 108?
True
Is 71168 a multiple of 26?
False
Does 99 divide 1980?
True
Does 31 divide 93?
True
Is 8 a factor of 95?
False
Is 43152 a multiple of 116?
True
Is 65 a factor of 57330?
True
Is 11256 a multiple of 21?
True
Does 22 divide 396?
True
Is 255 a factor of 11562?
False
Is 969 a multiple of 19?
True
Does 17 divide 2099?
False
Is 3245 a multiple of 5?
True
Does 37 divide 1110?
True
Does 2 divide 163?
False
Does 20 divide 48820?
True
Does 33 divide 778?
False
Does 70 divide 1470?
True
Is 98 a factor of 3484?
False
Is 4400 a multiple of 220?
True
Does 6 divide 152?
False
Does 32 divide 256?
True
Does 46 divide 14536?
True
Is 6000 a multiple of 125?
True
Is 24997 a multiple of 122?
False
Is 1112 a multiple of 30?
False
Is 56 a factor of 1008?
True
Is 5 a factor of 144?
False
Does 13 divide 1287?
True
Does 152 divide 912?
True
Does 21 divide 63795?
False
Is 33 a factor of 507?
False
Is 58034 a multiple of 122?
False
Does 31 divide 675?
False
Does 96 divide 11410?
False
Is 5 a factor of 355?
True
Does 5 divide 85?
True
Is 4745 a multiple of 73?
True
Is 4 a factor of 569?
False
Is 1714 even?
True
Is 15660 a multiple of 21?
False
Is 1059 even?
False
Is 67 a factor of 8777?
True
Is 10 a factor of 510?
True
Does 20 divide 63928?
False
Is 26 a factor of 3353?
False
Does 5 divide 52?
False
Is 18 a factor of 4374?
True
Is 18876 a multiple of 44?
True
Is 57 a factor of 4617?
True
Is 8 a factor of 1296?
True
Is 13 a factor of 251?
False
Does 72 divide 3096?
True
Does 12 divide 480?
True
Is 45 a factor of 59818?
False
Is 8 a factor of 6095?
False
Does 4 divide 835?
False
Is 202 a multiple of 14?
False
Is 20 a factor of 517?
False
Does 3 divide 108?
True
Does 83 divide 1992?
True
Does 21 divide 71715?
True
Is 160 a multiple of 2?
True
Is 11 a factor of 797?
False
Is 48 a factor of 16692?
False
Does 187 divide 5236?
True
Is 9198 a multiple of 146?
True
Is 225 a multiple of 15?
True
Is 20033 a multiple of 124?
False
Is 288 a multiple of 36?
True
Is 21 a factor of 1218?
True
Is 5420 a multiple of 5?
True
Is 19 a factor of 3267?
False
Is 29436 a multiple of 132?
True
Is 51 a factor of 1020?
True
Is 13875 a multiple of 14?
False
Does 8 divide 2736?
True
Does 14 divide 1895?
False
Is 1196 a multiple of 4?
True
Is 59428 a multiple of 15?
False
Is 10780 a multiple of 5?
True
Is 9677 a multiple of 28?
False
Is 1974 a multiple of 47?
True
Is 162 a multiple of 48?
False
Does 55 divide 19654?
False
Does 97 divide 798?
False
Is 16 a factor of 679?
False
Is 185 a factor of 18870?
True
Is 10902 a multiple of 28?
False
Is 2145 a multiple of 55?
True
Is 11 a factor of 37280?
False
Is 71577 a multiple of 15?
False
Is 97044 a multiple of 12?
True
Is 338 a multiple of 13?
True
Is 5004 a multiple of 85?
False
Is 480 a multiple of 30?
True
Is 4059 a multiple of 33?
True
Does 16 divide 304?
True
Is 26 a factor of 52?
True
Is 4 a factor of 274?
False
Is 6 a factor of 1038?
True
Does 47 divide 480?
False
Is 3 a factor of 1122?
True
Is 6130 a multiple of 212?
False
Does 68 divide 64124?
True
Is 9751 a multiple of 7?
True
Is 26 a factor of 1375?
False
Is 79024 a multiple of 16?
True
Is 2435 a multiple of 13?
False
Does 13 divide 7354?
False
Does 16 divide 1330?
False
Is 5 a factor of 976?
False
Is 3 a factor of 627?
True
Is 737 a multiple of 21?
False
Is 1044 a multiple of 12?
True
Is 88 a factor of 7656?
True
Is 8 a factor of 2936?
True
Is 25 a factor of 53350?
True
Is 24000 a multiple of 150?
True
Is 216 a factor of 20001?
False
Is 135718 a multiple of 31?
True
Is 38 a factor of 28234?
True
Does 15 divide 3255?
True
Is 7 a factor of 27671?
True
Is 104145 a multiple of 53?
True
Is 8 a factor of 856?
True
Is 21 a factor of 920?
False
Is 4 a factor of 4932?
True
Is 48257 a multiple of 107?
True
Is 7065 a multiple of 21?
False
Is 25370 a multiple of 4?
False
Is 5365 a multiple of 47?
False
Is 16 a factor of 14949?
False
Does 69 divide 12696?
True
Is 104874 a multiple of 14?
True
Is 7796 a multiple of 28?
False
Is 225 a multiple of 34?
False
Is 54210 a multiple of 195?
True
Does 105 divide 9660?
True
Does 22 divide 572?
True
Is 13 a factor of 1911?
True
Is 2443 a multiple of 5?
False
Is 4 a factor of 1051?
False
Is 10 a factor of 5288?
False
Is 100 a factor of 2903?
False
Does 14 divide 1055?
False
Is 102 a factor of 86088?
True
Is 471 a multiple of 116?
False
Is 269 a multiple of 4?
False
Is 32 a factor of 1088?
True
Is 66 a factor of 18987?
False
Is 230 a factor of 102500?
False
Does 13 divide 3848?
True
Is 27 a factor of 431?
False
Is 690 a multiple of 25?
False
Is 40 a factor of 400?
True
Is 747 a multiple of 16?
False
Is 9 a factor of 169?
False
Is 1768 a multiple of 37?
False
Is 1139 a multiple of 24?
False
Is 30 a factor of 5640?
True
Does 78 divide 20124?
True
Is 8 a factor of 1480?
True
Is 72 a multiple of 2?
True
Does 81 divide 884?
False
Is 9 a factor of 2619?
True
Is 399 a multiple of 18?
False
Is 190 a multiple of 113?
False
Is 429 a multiple of 25?
False
Does 33 divide 22935?
True
Is 269 a multiple of 3?
False
Is 97 a multiple of 26?
False
Is 24 a factor of 29337?
False
Is 5 a factor of 1560?
True
Is 419 a multiple of 8?
False
Does 70 divide 3640?
True
Does 13 divide 576?
False
Is 648 a multiple of 18?
True
Is 3 a factor of 36?
True
Is 6440 a multiple of 56?
True
Is 2 a factor of 39?
False
Does 10 divide 1666?
False
Is 88 a factor of 23655?
False
Is 74 a factor of 222?
True
Does 16 divide 3104?
True
Is 15 a factor of 37590?
True
Is 2381 a multiple of 52?
False
Is 17 a factor of 6103?
True
Does 49 divide 8085?
True
Is 7920 a multiple of 14?
False
Is 65 a factor of 2145?
True
Is 77181 a multiple of 79?
False
Is 2648 a multiple of 6?
False
Is 24 a factor of 1178?
False
Is 254 a factor of 33054?
False
Is 1816 a multiple of 13?
False
Is 63 a factor of 6174?
True
Is 11 a factor of 1705?
True
Is 61958 a multiple of 13?
True
Is 215 a multiple of 43?
True
Is 48 a factor of 4668?
False
Is 23 a factor of 2231?
True
Is 12 a factor of 37686?
False
Is 293 a factor of 4395?
True
Does 12 divide 1796?
False
Is 6 a factor of 89?
False
Is 19 a factor of 95?
True
Is 39 a factor of 624?
True
Does 4 divide 4392?
True
Is 8 a factor of 14500?
False
Is 18360 a multiple of 146?
False
Is 273 a multiple of 13?
True
Is 2520 a multiple of 35?
True
Is 4908 a multiple of 12?
True
Is 49 a factor of 59515?
False
Is 8040 a multiple of 25?
False
Is 1958 a multiple of 89?
True
Does 37 divide 19536?
True
Is 28657 a multiple of 22?
False
Does 43 divide 806?
False
Is 1770 a multiple of 75?
False
Is 19 a factor of 275?
False
Is 89 a factor of 3827?
True
Is 43 a factor of 473?
True
Is 16 a factor of 1160?
False
Does 11 divide 18839?
False
Does 20 divide 2610?
False
Does 90 divide 61650?
True
Does 6 divide 4890?
True
Is 